test common factor of 17 and o.
17
Let s(w) = 35*w - 8. Let z(b) = -35*b + 9. Let x(r) = 7*s(r) + 6*z(r). Let v be x(1). What is the highest common divisor of 22 and v?
11
Suppose -3*j = -5*g - 0*g + 2, 2*g - 3*j + 1 = 0. Suppose -24 - g = -5*w. Let l be 303/w + 36/(-60). What is the highest common divisor of l and 90?
30
Suppose 18*n - 24*n = -1020. Calculate the greatest common factor of n and 10.
10
Let d be (-54)/(-21) - (-12)/28. Let j = d + -3. Let v be (2 - j)/(18/513). What is the greatest common divisor of 19 and v?
19
Let z(v) = -2*v + 66. Let a be z(27). Calculate the highest common divisor of a and 816.
12
Let y(l) = -8*l**3 + 2*l**2 - 7*l - 3. Let d be y(-3). What is the highest common divisor of 72 and d?
36
Suppose h = -i + 3, -6*i + 2*i + 9 = h. Suppose -i*m = 2*m - 84. Suppose 103*l = 121*l - 3402. Calculate the highest common factor of m and l.
21
Suppose -5*b - d + 23 = -12, 4*d = 2*b - 36. What is the greatest common divisor of b and 184?
8
Suppose 6*m - 3*m - 23 = -g, -g = 5*m - 33. Let h = g - -11. Let i be 3/7 - (-2470)/133. Calculate the highest common divisor of i and h.
19
Let u = -56 - -143. What is the highest common divisor of u and 783?
87
Suppose -41*l = -5545 + 420. What is the highest common factor of l and 225?
25
Suppose 5*i - 661 = 54. Calculate the highest common divisor of 13 and i.
13
Let x = 693 + -653. Calculate the highest common factor of x and 90.
10
Let z be 21/(105/50)*(3 - -21). What is the greatest common divisor of 60 and z?
60
Let x = -9574 + 9717. Let z(f) = 13*f**3 + f**2 - f. Let l be z(1). Calculate the greatest common divisor of l and x.
13
Suppose -7*x + 34 + 99 = 0. Let v(s) = 15*s - 10. Let d = -5 + 12. Let o be v(d). What is the highest common divisor of o and x?
19
Let b = 666 + -609. Let j = 18 + 20. What is the greatest common divisor of b and j?
19
Suppose -p + 305 + 74 = 0. Suppose 0*k + p = 5*u + 3*k, -3*k - 391 = -5*u. What is the greatest common divisor of 22 and u?
11
Let a be 1*100 + (-9)/9. Let g = 8 - -3. What is the highest common factor of a and g?
11
Let m(v) = 1817*v**2 - 7*v + 7. Let r be m(1). What is the highest common factor of 23 and r?
23
Let i be 3 - 6*(1 + -4). Let l = 247 + -142. What is the highest common divisor of l and i?
21
Suppose 0 = -3*p + 37 - 7. Let i be 2*(-12)/(-8) + -5 + 2. Suppose i = o + 4*m - 9, 0*o - m = 3*o - 16. Calculate the greatest common factor of o and p.
5
Let w be (0 - 4) + 0 + 49 + -6. Calculate the highest common divisor of 13 and w.
13
Suppose 3*l + 2*s = -364, -2*s = 4*l - 7*s + 447. Let z = -74 - l. What is the greatest common divisor of z and 66?
22
Let h = -9 + 16. Let w be 1/(-1)*-3 + 0. Let t be w + -3 + 112/2. What is the highest common factor of h and t?
7
Suppose -2*j - 4*q - 14 = -0*q, -4*j = q + 21. Let v be 5/j + (2 - -1). Let a be ((-63)/(-14))/(v/88). What is the greatest common divisor of a and 18?
18
Suppose -5*l = -156 - 24. What is the highest common factor of 9 and l?
9
Let y be (-12)/((-36)/42 - 2/14). Suppose -17*u + 120 = -y*u. Calculate the greatest common divisor of u and 60.
12
Let z(u) = -181*u + 1288. Let j be z(7). Calculate the highest common factor of j and 777.
21
Let x = -347 - -1343. What is the greatest common divisor of x and 12?
12
Let t(o) be the first derivative of -o**3/3 - 7*o**2 - 25*o - 10. Let f be t(-11). Calculate the highest common factor of 16 and f.
8
Let x = 74 + 62. Calculate the greatest common factor of x and 17.
17
Let i = 73 + -51. Let n(u) = u**3 + 54*u**2 + 439*u. Let y be n(-44). Calculate the greatest common divisor of y and i.
22
Suppose 0 - 1 = -l. Let y(f) = 128*f + 776. Let x be y(-6). What is the greatest common factor of x and l?
1
Let x be -1*(-4 - (-1 - 0)). Let k(u) = 2*u + 32*u**3 + 53*u**x - u + 22*u**3. Let m be k(1). What is the highest common divisor of 12 and m?
12
Let s(n) = -n**3 - 34*n**2 - 32*n + 77. Let g be s(-33). What is the greatest common divisor of 396 and g?
44
Let w be ((-2)/(-6))/((-2)/(-18)). Let y be -2 - -1 - (-2 + 7). Let o be (-249)/(-9) + 4/y. Calculate the greatest common factor of o and w.
3
Suppose 3*v - 4*m = 1 + 64, -2*v - 2*m = -62. Let w = v + 0. What is the highest common divisor of w and 3?
3
Let h(m) = -3*m**2 - m. Let z be h(1). Let c = z + -12. Let n = -10 - c. What is the highest common divisor of 2 and n?
2
Let u = -17 + 52. Let p be u*(2 + (-6)/5). Suppose 2*n + 0*x - 4*x = 80, -n - x + p = 0. Calculate the greatest common divisor of 80 and n.
16
Let j be (-1)/3 + (11712/9)/4. What is the highest common factor of 25 and j?
25
Suppose 9*s - 421 + 124 = 0. Let n = 37 - s. What is the highest common divisor of 4 and n?
4
Let m be (6/5)/(9*(-4)/(-480)). Suppose -l + 14 + 10 = 0. What is the greatest common divisor of m and l?
8
Let h be 60/45*(-18)/(-8). Let c(z) = z**3 + 2*z**2 + 2. Let g be c(h). What is the highest common factor of g and 517?
47
Let y be (8/8)/((-1)/(-2)). What is the highest common divisor of 6 and y?
2
Let c be ((-9)/15)/((-5)/375). What is the greatest common factor of c and 195?
15
Let a be (1089/18)/(1 + (-34)/36). Calculate the highest common divisor of 9 and a.
9
Let t = 74 + -68. Suppose -t*o + 3*o = 2*b - 20, -4*b = -2*o - 24. What is the greatest common divisor of 7 and b?
7
Let u = -32 - -5. Let k = 31 + u. Calculate the highest common factor of k and 44.
4
Let x(r) = r**2 - 2*r - 2. Let g be x(-1). Let y be g - 2/(-4) - (-37)/2. What is the highest common factor of 220 and y?
20
Suppose s - 4 = 2*v + 2, -4*v = -3*s + 16. Let o be v/((-15)/14 + 1). Calculate the highest common factor of 2 and o.
2
Let y be (4/(-6))/((-10)/405). Suppose y*h = 22*h + 120. Calculate the highest common factor of 3 and h.
3
Let k be ((-1)/(1/(-16)))/((-70)/(-105)). Let b = -6 + 14. What is the greatest common divisor of k and b?
8
Suppose 3*w - 5*g - 161 = -0*w, w = -g + 51. Let d(r) = -4*r + 21. Let q be d(-9). Let y = q - 31. What is the greatest common divisor of y and w?
26
Let m(p) = -14*p - 96. Let a be m(-9). Calculate the greatest common factor of a and 480.
30
Let q = 68 - 48. Suppose -3*t = -0*t + 24. Let w be (1*-38)/(t/q). What is the greatest common factor of 19 and w?
19
Let w(y) = -4*y**3 + y**2 + y - 1. Let q be w(1). Let k(p) = p**3 + 5*p**2 + 4*p + 6. Let l be k(q). What is the greatest common factor of l and 48?
12
Let t(o) = -5*o + 33. Let g(d) = d - 8. Let m(i) = -9*g(i) - 2*t(i). Let y be m(9). Calculate the highest common divisor of y and 10.
5
Let w be ((-68)/8 - 4)*2. Let k = -20 - w. Suppose -6 + 16 = k*y. What is the highest common divisor of y and 2?
2
Let d be (6 + -7)*-42 - -2. Calculate the highest common factor of 8 and d.
4
Let l(w) = 26*w - 15. Let a be l(3). Suppose -53*v = -56*v + a. Calculate the greatest common factor of 21 and v.
21
Suppose -585 = 7*t - 22*t. Calculate the highest common divisor of 3 and t.
3
Let v be -2*11/(-4)*26. Let s(q) = -67*q + 1018. Let p be s(15). What is the greatest common divisor of p and v?
13
Let h(o) = -48*o - 133. Let z be h(-19). Calculate the greatest common factor of 19 and z.
19
Suppose 0 = -3*c - c + 104. Let f = 105 - 102. Suppose -6*y + f*y = -117. What is the highest common factor of y and c?
13
Let a = 540 - 348. What is the greatest common factor of 36 and a?
12
Let f(h) = -8*h - 272. Let n be f(-37). What is the highest common factor of 72 and n?
24
Let h be 6/(-12)*12/(-3). Calculate the highest common factor of h and 46.
2
Suppose 5*l - 4*k + 7 = 0, 4*l - 4*k - 2 = 2*l. Let f be (-66)/(-18) + (-1)/l. Let q(u) = u. Let h be q(2). What is the greatest common factor of f and h?
2
Let z(c) be the second derivative of 7*c**4/6 + c**3/2 - c**2 - 12*c. Let v be z(1). Suppose 0 = -d + 6*d - 75. What is the highest common factor of v and d?
15
Let b(j) = 10*j. Let a be b(2). Let d(r) = -r + 6. Let v be d(6). Let p = v + a. What is the highest common divisor of 50 and p?
10
Let u = 18 + -55. Let q = 64 + u. Calculate the highest common divisor of 189 and q.
27
Suppose -47 = -k + f - 1, k - 58 = -5*f. Suppose 0 = -7*o + 10*o - k. What is the greatest common factor of 16 and o?
16
Suppose 12*j = 2*t + 17*j - 203, -2*j = -2*t + 196. What is the greatest common divisor of t and 9?
9
Let o be (3/(-6) - 0)/((-1)/40). Let b = -9 + 4. Let k = -3 - b. 